 is the millions digit of 1463666021?
3
What is the hundred millions digit of 797992527?
7
What is the ten thousands digit of 95954475?
5
What is the millions digit of 434684985?
4
What is the units digit of 650740036?
6
What is the ten thousands digit of 700062745?
6
What is the ten millions digit of 463360736?
6
What is the units digit of 92811077?
7
What is the thousands digit of 1118216041?
6
What is the tens digit of 951517976?
7
What is the ten thousands digit of 5865216076?
1
What is the hundreds digit of 25875570?
5
What is the hundred thousands digit of 1785610332?
6
What is the hundreds digit of 169828042?
0
What is the billions digit of 1605420301?
1
What is the hundred millions digit of 7567544113?
5
What is the ten thousands digit of 210537822?
3
What is the millions digit of 152657338?
2
What is the hundred thousands digit of 1047072915?
0
What is the hundred millions digit of 5607804075?
6
What is the hundreds digit of 1426179733?
7
What is the ten millions digit of 171661379?
7
What is the hundred thousands digit of 245248446?
2
What is the hundreds digit of 121215704?
7
What is the hundreds digit of 1285678378?
3
What is the ten thousands digit of 358098533?
9
What is the hundred thousands digit of 128398707?
3
What is the ten millions digit of 5154046028?
5
What is the hundreds digit of 750382044?
0
What is the hundreds digit of 1448306511?
5
What is the ten millions digit of 70764535?
7
What is the hundred millions digit of 146010441?
1
What is the hundreds digit of 143595908?
9
What is the units digit of 134869025?
5
What is the hundred thousands digit of 56411050?
4
What is the tens digit of 1303133174?
7
What is the hundreds digit of 1155450386?
3
What is the millions digit of 1516527068?
6
What is the thousands digit of 306618362?
8
What is the tens digit of 17200014?
1
What is the thousands digit of 97479587?
9
What is the billions digit of 5848357074?
5
What is the units digit of 166720374?
4
What is the hundred thousands digit of 649489264?
4
What is the ten millions digit of 1605933638?
0
What is the thousands digit of 117167431?
7
What is the millions digit of 2466887948?
6
What is the ten thousands digit of 28973471?
7
What is the ten thousands digit of 3399448?
9
What is the thousands digit of 827307539?
7
What is the ten millions digit of 54844488?
5
What is the hundred thousands digit of 422200455?
2
What is the millions digit of 98545756?
8
What is the tens digit of 61107278?
7
What is the tens digit of 3406690008?
0
What is the tens digit of 2942367871?
7
What is the ten thousands digit of 695210810?
1
What is the millions digit of 168017040?
8
What is the ten thousands digit of 3424421012?
2
What is the ten thousands digit of 108201058?
0
What is the hundred millions digit of 319500646?
3
What is the hundred millions digit of 1854394126?
8
What is the ten millions digit of 370578154?
7
What is the thousands digit of 339402648?
2
What is the hundred millions digit of 1840925085?
8
What is the units digit of 17136386?
6
What is the hundreds digit of 38582539?
5
What is the hundred millions digit of 353318285?
3
What is the ten millions digit of 104027830?
0
What is the ten thousands digit of 207619679?
1
What is the hundreds digit of 232865120?
1
What is the tens digit of 662964179?
7
What is the millions digit of 83062425?
3
What is the ten thousands digit of 361988399?
8
What is the hundred thousands digit of 102377764?
3
What is the ten millions digit of 1308590352?
0
What is the hundreds digit of 5071402206?
2
What is the ten thousands digit of 3534157925?
5
What is the ten thousands digit of 1586971567?
7
What is the millions digit of 1838116866?
8
What is the ten millions digit of 3605456870?
0
What is the hundred millions digit of 115364192?
1
What is the millions digit of 395388138?
5
What is the units digit of 121945654?
4
What is the hundreds digit of 579668674?
6
What is the hundreds digit of 63221489?
4
What is the hundreds digit of 123807265?
2
What is the hundred millions digit of 4363272144?
3
What is the ten millions digit of 60933632?
6
What is the thousands digit of 863084889?
4
What is the ten thousands digit of 40906973?
0
What is the thousands digit of 28300588?
0
What is the thousands digit of 79978384?
8
What is the ten thousands digit of 932011250?
1
What is the millions digit of 77799238?
7
What is the tens digit of 1362811495?
9
What is the hundred thousands digit of 186685340?
6
What is the ten thousands digit of 997274339?
7
What is the ten millions digit of 60892323?
6
What is the ten thousands digit of 5320916513?
1
What is the hundred thousands digit of 2351604907?
6
What is the hundreds digit of 20948609?
6
What is the hundreds digit of 49230431?
4
What is the millions digit of 2017590418?
7
What is the billions digit of 1883072460?
1
What is the ten millions digit of 64699494?
6
What is the tens digit of 1104453672?
7
What is the millions digit of 378612057?
8
What is the units digit of 301000246?
6
What is the hundred thousands digit of 38798898?
7
What is the thousands digit of 4956842?
6
What is the hundred millions digit of 3561823686?
5
What is the billions digit of 1226740270?
1
What is the millions digit of 321431070?
1
What is the hundred thousands digit of 95960763?
9
What is the units digit of 41666766?
6
What is the units digit of 253663101?
1
What is the thousands digit of 25758628?
8
What is the units digit of 634954606?
6
What is the ten thousands digit of 3094325696?
2
What is the hundreds digit of 7046001670?
6
What is the tens digit of 1098826521?
2
What is the hundred millions digit of 2095311258?
0
What is the ten millions digit of 658951741?
5
What is the ten thousands digit of 22396298?
9
What is the millions digit of 660214531?
0
What is the hundred thousands digit of 38419042?
4
What is the units digit of 71900568?
8
What is the units digit of 742085775?
5
What is the ten millions digit of 22627548?
2
What is the thousands digit of 89306667?
6
What is the units digit of 334390723?
3
What is the hundred thousands digit of 99520496?
5
What is the hundreds digit of 138557912?
9
What is the hundreds digit of 30281606?
6
What is the tens digit of 153907790?
9
What is the hundred thousands digit of 2310078159?
0
What is the millions digit of 5759031064?
9
What is the hundred millions digit of 162842947?
1
What is the hundreds digit of 185899292?
2
What is the thousands digit of 582339401?
9
What is the millions digit of 110473535?
0
What is the hundred thousands digit of 1226658909?
6
What is the ten millions digit of 352407764?
5
What is the millions digit of 78009937?
8
What is the units digit of 432790714?
4
What is the hundred millions digit of 578068856?
5
What is the hundred thousands digit of 5561384?
5
What is the tens digit of 77587489?
8
What is the hundred thousands digit of 57586079?
5
What is the thousands digit of 67865959?
5
What is the hundred thousands digit of 715073134?
0
What is the ten millions digit of 1330602488?
3
What is the thousands digit of 4138265617?
5
What is the thousands digit of 2476327883?
7
What is the millions digit of 4514758720?
4
What is the hundred millions digit of 3442492741?
4
What is the thousands digit of 552835609?
5
What is the millions digit of 291465602?
1
What is the hundreds digit of 137130874?
8
What is the ten millions digit of 4715299440?
1
What is the hundred thousands digit of 109601052?
6
What is the thousands digit of 73000913?
0
What is the ten millions digit of 76457135?
7
What is the billions digit of 3038118261?
3
What is the units digit of 36268216?
6
What is the tens digit of 2476686627?
2
What is the hundred thousands digit of 769295774?
2
What is the millions digit of 88127392?
8
What is the millions digit of 489347437?
9
What is the ten millions digit of 27908067?
2
What is the hundred millions digit of 1602229854?
6
What is the hundreds digit of 6441172524?
5
What is the hundreds digit of 2786019416?
4
What is the hundred thousands digit of 656904514?
9
What is the units digit of 83318992?
2
What is the tens digit of 149521641?
4
What is the hundred thousands digit of 43561060?
5
What is the thousands digit of 88172165?
2
What is the millions digit of 31479032?
1
What is the millions digit